{"id":1019,"date":"2020-10-10T14:17:59","date_gmt":"2020-10-10T14:17:59","guid":{"rendered":"http:\/\/localhost\/it-consult\/?page_id=1019"},"modified":"2024-02-26T21:17:51","modified_gmt":"2024-02-26T20:17:51","slug":"about-us-3","status":"publish","type":"page","link":"https:\/\/kedal.cl\/?page_id=1019","title":{"rendered":"Nosotros"},"content":{"rendered":"\t\t<div data-elementor-type=\"wp-page\" data-elementor-id=\"1019\" class=\"elementor elementor-1019\">\n\t\t\t\t\t\t<section class=\"elementor-section elementor-top-section elementor-element elementor-element-b902da6 elementor-section-full_width elementor-section-height-default elementor-section-height-default\" data-id=\"b902da6\" data-element_type=\"section\">\n\t\t\t\t\t\t<div class=\"elementor-container elementor-column-gap-no\">\n\t\t\t\t\t<div class=\"elementor-column elementor-col-100 elementor-top-column elementor-element elementor-element-be0b6cf\" data-id=\"be0b6cf\" data-element_type=\"column\">\n\t\t\t<div class=\"elementor-widget-wrap\">\n\t\t\t\t\t\t\t<\/div>\n\t\t<\/div>\n\t\t\t\t\t<\/div>\n\t\t<\/section>\n\t\t<div class=\"elementor-element elementor-element-9b444ae e-flex e-con-boxed e-con e-parent\" data-id=\"9b444ae\" data-element_type=\"container\">\n\t\t\t\t\t<div class=\"e-con-inner\">\n\t\t\t\t<div class=\"elementor-element elementor-element-a7b68f0 elementor-widget-divider--view-line elementor-widget elementor-widget-divider\" data-id=\"a7b68f0\" data-element_type=\"widget\" data-widget_type=\"divider.default\">\n\t\t\t\t<div class=\"elementor-widget-container\">\n\t\t\t\t\t\t\t<div class=\"elementor-divider\">\n\t\t\t<span class=\"elementor-divider-separator\">\n\t\t\t\t\t\t<\/span>\n\t\t<\/div>\n\t\t\t\t\t\t<\/div>\n\t\t\t\t<\/div>\n\t\t\t\t\t<\/div>\n\t\t\t\t<\/div>\n\t\t<div class=\"elementor-element elementor-element-4e91b76 e-flex e-con-boxed e-con e-parent\" data-id=\"4e91b76\" data-element_type=\"container\">\n\t\t\t\t\t<div class=\"e-con-inner\">\n\t\t\t\t<div class=\"elementor-element elementor-element-d329635 elementor-invisible elementor-widget elementor-widget-heading\" data-id=\"d329635\" data-element_type=\"widget\" data-settings=\"{&quot;_animation&quot;:&quot;fadeInLeft&quot;}\" data-widget_type=\"heading.default\">\n\t\t\t\t<div class=\"elementor-widget-container\">\n\t\t\t\t\t<h3 class=\"elementor-heading-title elementor-size-default\">Nuestra historia<\/h3>\t\t\t\t<\/div>\n\t\t\t\t<\/div>\n\t\t\t\t<div class=\"elementor-element elementor-element-3c227e8 elementor-widget elementor-widget-text-editor\" data-id=\"3c227e8\" data-element_type=\"widget\" data-widget_type=\"text-editor.default\">\n\t\t\t\t<div class=\"elementor-widget-container\">\n\t\t\t\t\t\t\t\t\t<p>\u00a0 \u00a0Esta idea tuvo su g\u00e9nesis en 2018 como parte de mi proyecto de t\u00edtulo para el MBA de la Universidad de Chile, fusionando la experiencia profesional en el \u00e1mbito del agua de proceso y las problem\u00e1ticas inherentes a los procesos productivos.<\/p><p>A lo largo del tiempo, esta idea ha evolucionado y ha crecido mi deseo de emprender en un campo que siempre me ha apasionado. Siento que he acumulado experiencia valiosa que puede contribuir significativamente a la gran miner\u00eda a nivel nacional e internacional.<\/p><p>Las lecciones aprendidas, las experiencias enfrentadas, los desaf\u00edos superados y los contactos establecidos, todos estos elementos convergieron para tomar la decisi\u00f3n de lanzar este ambicioso proyecto. Estamos convencidos de que seremos una contribuci\u00f3n real a la industria y sus desaf\u00edos.<\/p><p>Guiados por tecnolog\u00eda de vanguardia, un compromiso inquebrantable y un conocimiento t\u00e9cnico forjado a lo largo de m\u00e1s de 17 a\u00f1os de carrera, nos aseguramos de que nuestra propuesta de valor sea confiable, siempre cuantificable y alineada con los objetivos de nuestros clientes. Todo esto, sin descuidar el factor m\u00e1s crucial: la seguridad en todas nuestras operaciones.&#8221;<\/p>\t\t\t\t\t\t\t\t<\/div>\n\t\t\t\t<\/div>\n\t\t\t\t<div class=\"elementor-element elementor-element-fdbbfe5 elementor-invisible elementor-widget elementor-widget-heading\" data-id=\"fdbbfe5\" data-element_type=\"widget\" data-settings=\"{&quot;_animation&quot;:&quot;fadeInLeft&quot;}\" data-widget_type=\"heading.default\">\n\t\t\t\t<div class=\"elementor-widget-container\">\n\t\t\t\t\t<h3 class=\"elementor-heading-title elementor-size-default\">Misi\u00f3n<\/h3>\t\t\t\t<\/div>\n\t\t\t\t<\/div>\n\t\t\t\t<div class=\"elementor-element elementor-element-728fa6c elementor-widget elementor-widget-text-editor\" data-id=\"728fa6c\" data-element_type=\"widget\" data-widget_type=\"text-editor.default\">\n\t\t\t\t<div class=\"elementor-widget-container\">\n\t\t\t\t\t\t\t\t\tDesarrollar procesos y servicios que aporten valor a nuestros clientes, mediante la implementaci\u00f3n efectiva de la tecnolog\u00eda, recursos eficientes y un grupo de profesionales de alto desempe\u00f1o.\t\t\t\t\t\t\t\t<\/div>\n\t\t\t\t<\/div>\n\t\t\t\t<div class=\"elementor-element elementor-element-f5ed2d6 elementor-invisible elementor-widget elementor-widget-heading\" data-id=\"f5ed2d6\" data-element_type=\"widget\" data-settings=\"{&quot;_animation&quot;:&quot;fadeInLeft&quot;}\" data-widget_type=\"heading.default\">\n\t\t\t\t<div class=\"elementor-widget-container\">\n\t\t\t\t\t<h3 class=\"elementor-heading-title elementor-size-default\">Visi\u00f3n<\/h3>\t\t\t\t<\/div>\n\t\t\t\t<\/div>\n\t\t\t\t<div class=\"elementor-element elementor-element-8f7e2d0 elementor-widget elementor-widget-text-editor\" data-id=\"8f7e2d0\" data-element_type=\"widget\" data-widget_type=\"text-editor.default\">\n\t\t\t\t<div class=\"elementor-widget-container\">\n\t\t\t\t\t\t\t\t\tSatisfacer las necesidades de nuestros clientes, gracias a la implementaci\u00f3n de soluciones integrales que, mediante soluciones innovadoras, de bajo impacto respecto en HSEC, logren entregar un valor f\u00e1cilmente cuantificable.\t\t\t\t\t\t\t\t<\/div>\n\t\t\t\t<\/div>\n\t\t\t\t<div class=\"elementor-element elementor-element-8c852b1 elementor-invisible elementor-widget elementor-widget-heading\" data-id=\"8c852b1\" data-element_type=\"widget\" data-settings=\"{&quot;_animation&quot;:&quot;fadeInLeft&quot;}\" data-widget_type=\"heading.default\">\n\t\t\t\t<div class=\"elementor-widget-container\">\n\t\t\t\t\t<h3 class=\"elementor-heading-title elementor-size-default\">Objetivo Estrat\u00e9gico<\/h3>\t\t\t\t<\/div>\n\t\t\t\t<\/div>\n\t\t\t\t<div class=\"elementor-element elementor-element-8fc5e44 elementor-widget elementor-widget-text-editor\" data-id=\"8fc5e44\" data-element_type=\"widget\" data-widget_type=\"text-editor.default\">\n\t\t\t\t<div class=\"elementor-widget-container\">\n\t\t\t\t\t\t\t\t\tEntregar un alto retorno a nuestros clientes mediante soluciones innovadoras desarrolladas por un grupo de trabajo con un alto nivel de motivaci\u00f3n.\t\t\t\t\t\t\t\t<\/div>\n\t\t\t\t<\/div>\n\t\t<div class=\"elementor-element elementor-element-62a8866 e-flex e-con-boxed e-con e-child\" data-id=\"62a8866\" data-element_type=\"container\">\n\t\t\t\t\t<div class=\"e-con-inner\">\n\t\t\t\t<div class=\"elementor-element elementor-element-054adc8 elementor-widget elementor-widget-image-gallery\" data-id=\"054adc8\" data-element_type=\"widget\" data-widget_type=\"image-gallery.default\">\n\t\t\t\t<div class=\"elementor-widget-container\">\n\t\t\t\t\t\t\t<div class=\"elementor-image-gallery\">\n\t\t\t<div id='gallery-1' class='gallery galleryid-1019 gallery-columns-6 gallery-size-medium'><figure class='gallery-item'>\n\t\t\t<div class='gallery-icon landscape'>\n\t\t\t\t<a data-elementor-open-lightbox=\"yes\" data-elementor-lightbox-slideshow=\"054adc8\" data-elementor-lightbox-title=\"Inpeccionar Tuberia\" data-e-action-hash=\"#elementor-action%3Aaction%3Dlightbox%26settings%3DeyJpZCI6OTI3OCwidXJsIjoiaHR0cHM6XC9cL2tlZGFsLmNsXC93cC1jb250ZW50XC91cGxvYWRzXC8yMDI0XC8wMlwvSW5wZWNjaW9uYXItVHViZXJpYS5qcGciLCJzbGlkZXNob3ciOiIwNTRhZGM4In0%3D\" href='https:\/\/kedal.cl\/wp-content\/uploads\/2024\/02\/Inpeccionar-Tuberia.jpg'><img fetchpriority=\"high\" decoding=\"async\" width=\"300\" height=\"300\" src=\"https:\/\/kedal.cl\/wp-content\/uploads\/2024\/02\/Inpeccionar-Tuberia-300x300.jpg\" class=\"attachment-medium size-medium\" alt=\"\" srcset=\"https:\/\/kedal.cl\/wp-content\/uploads\/2024\/02\/Inpeccionar-Tuberia-300x300.jpg 300w, https:\/\/kedal.cl\/wp-content\/uploads\/2024\/02\/Inpeccionar-Tuberia-150x150.jpg 150w, https:\/\/kedal.cl\/wp-content\/uploads\/2024\/02\/Inpeccionar-Tuberia-768x768.jpg 768w, https:\/\/kedal.cl\/wp-content\/uploads\/2024\/02\/Inpeccionar-Tuberia-450x450.jpg 450w, https:\/\/kedal.cl\/wp-content\/uploads\/2024\/02\/Inpeccionar-Tuberia-106x106.jpg 106w, https:\/\/kedal.cl\/wp-content\/uploads\/2024\/02\/Inpeccionar-Tuberia-560x560.jpg 560w, https:\/\/kedal.cl\/wp-content\/uploads\/2024\/02\/Inpeccionar-Tuberia-80x80.jpg 80w, https:\/\/kedal.cl\/wp-content\/uploads\/2024\/02\/Inpeccionar-Tuberia.jpg 1006w\" sizes=\"(max-width: 300px) 100vw, 300px\" \/><\/a>\n\t\t\t<\/div><\/figure><figure class='gallery-item'>\n\t\t\t<div class='gallery-icon landscape'>\n\t\t\t\t<a data-elementor-open-lightbox=\"yes\" data-elementor-lightbox-slideshow=\"054adc8\" data-elementor-lightbox-title=\"Inpeccionar Tuberia 1\" data-e-action-hash=\"#elementor-action%3Aaction%3Dlightbox%26settings%3DeyJpZCI6OTI3NywidXJsIjoiaHR0cHM6XC9cL2tlZGFsLmNsXC93cC1jb250ZW50XC91cGxvYWRzXC8yMDI0XC8wMlwvSW5wZWNjaW9uYXItVHViZXJpYS0xLmpwZyIsInNsaWRlc2hvdyI6IjA1NGFkYzgifQ%3D%3D\" href='https:\/\/kedal.cl\/wp-content\/uploads\/2024\/02\/Inpeccionar-Tuberia-1.jpg'><img decoding=\"async\" width=\"300\" height=\"300\" src=\"https:\/\/kedal.cl\/wp-content\/uploads\/2024\/02\/Inpeccionar-Tuberia-1-300x300.jpg\" class=\"attachment-medium size-medium\" alt=\"\" srcset=\"https:\/\/kedal.cl\/wp-content\/uploads\/2024\/02\/Inpeccionar-Tuberia-1-300x300.jpg 300w, https:\/\/kedal.cl\/wp-content\/uploads\/2024\/02\/Inpeccionar-Tuberia-1-150x150.jpg 150w, https:\/\/kedal.cl\/wp-content\/uploads\/2024\/02\/Inpeccionar-Tuberia-1-768x768.jpg 768w, https:\/\/kedal.cl\/wp-content\/uploads\/2024\/02\/Inpeccionar-Tuberia-1-450x450.jpg 450w, https:\/\/kedal.cl\/wp-content\/uploads\/2024\/02\/Inpeccionar-Tuberia-1-106x106.jpg 106w, https:\/\/kedal.cl\/wp-content\/uploads\/2024\/02\/Inpeccionar-Tuberia-1-560x560.jpg 560w, https:\/\/kedal.cl\/wp-content\/uploads\/2024\/02\/Inpeccionar-Tuberia-1-80x80.jpg 80w, https:\/\/kedal.cl\/wp-content\/uploads\/2024\/02\/Inpeccionar-Tuberia-1.jpg 1006w\" sizes=\"(max-width: 300px) 100vw, 300px\" \/><\/a>\n\t\t\t<\/div><\/figure><figure class='gallery-item'>\n\t\t\t<div class='gallery-icon landscape'>\n\t\t\t\t<a data-elementor-open-lightbox=\"yes\" data-elementor-lightbox-slideshow=\"054adc8\" data-elementor-lightbox-title=\"revisar Tuberia\" data-e-action-hash=\"#elementor-action%3Aaction%3Dlightbox%26settings%3DeyJpZCI6OTI3OSwidXJsIjoiaHR0cHM6XC9cL2tlZGFsLmNsXC93cC1jb250ZW50XC91cGxvYWRzXC8yMDI0XC8wMlwvcmV2aXNhci1UdWJlcmlhLmpwZyIsInNsaWRlc2hvdyI6IjA1NGFkYzgifQ%3D%3D\" href='https:\/\/kedal.cl\/wp-content\/uploads\/2024\/02\/revisar-Tuberia.jpg'><img decoding=\"async\" width=\"300\" height=\"300\" src=\"https:\/\/kedal.cl\/wp-content\/uploads\/2024\/02\/revisar-Tuberia-300x300.jpg\" class=\"attachment-medium size-medium\" alt=\"\" srcset=\"https:\/\/kedal.cl\/wp-content\/uploads\/2024\/02\/revisar-Tuberia-300x300.jpg 300w, https:\/\/kedal.cl\/wp-content\/uploads\/2024\/02\/revisar-Tuberia-150x150.jpg 150w, https:\/\/kedal.cl\/wp-content\/uploads\/2024\/02\/revisar-Tuberia-768x768.jpg 768w, https:\/\/kedal.cl\/wp-content\/uploads\/2024\/02\/revisar-Tuberia-450x450.jpg 450w, https:\/\/kedal.cl\/wp-content\/uploads\/2024\/02\/revisar-Tuberia-106x106.jpg 106w, https:\/\/kedal.cl\/wp-content\/uploads\/2024\/02\/revisar-Tuberia-560x560.jpg 560w, https:\/\/kedal.cl\/wp-content\/uploads\/2024\/02\/revisar-Tuberia-80x80.jpg 80w, https:\/\/kedal.cl\/wp-content\/uploads\/2024\/02\/revisar-Tuberia.jpg 1006w\" sizes=\"(max-width: 300px) 100vw, 300px\" \/><\/a>\n\t\t\t<\/div><\/figure><figure class='gallery-item'>\n\t\t\t<div class='gallery-icon landscape'>\n\t\t\t\t<a data-elementor-open-lightbox=\"yes\" data-elementor-lightbox-slideshow=\"054adc8\" data-elementor-lightbox-title=\"Inpeccionar Tuberia 2\" data-e-action-hash=\"#elementor-action%3Aaction%3Dlightbox%26settings%3DeyJpZCI6OTI3NiwidXJsIjoiaHR0cHM6XC9cL2tlZGFsLmNsXC93cC1jb250ZW50XC91cGxvYWRzXC8yMDI0XC8wMlwvSW5wZWNjaW9uYXItVHViZXJpYS0yLmpwZyIsInNsaWRlc2hvdyI6IjA1NGFkYzgifQ%3D%3D\" href='https:\/\/kedal.cl\/wp-content\/uploads\/2024\/02\/Inpeccionar-Tuberia-2.jpg'><img loading=\"lazy\" decoding=\"async\" width=\"300\" height=\"300\" src=\"https:\/\/kedal.cl\/wp-content\/uploads\/2024\/02\/Inpeccionar-Tuberia-2-300x300.jpg\" class=\"attachment-medium size-medium\" alt=\"\" srcset=\"https:\/\/kedal.cl\/wp-content\/uploads\/2024\/02\/Inpeccionar-Tuberia-2-300x300.jpg 300w, https:\/\/kedal.cl\/wp-content\/uploads\/2024\/02\/Inpeccionar-Tuberia-2-150x150.jpg 150w, https:\/\/kedal.cl\/wp-content\/uploads\/2024\/02\/Inpeccionar-Tuberia-2-768x768.jpg 768w, https:\/\/kedal.cl\/wp-content\/uploads\/2024\/02\/Inpeccionar-Tuberia-2-450x450.jpg 450w, https:\/\/kedal.cl\/wp-content\/uploads\/2024\/02\/Inpeccionar-Tuberia-2-106x106.jpg 106w, https:\/\/kedal.cl\/wp-content\/uploads\/2024\/02\/Inpeccionar-Tuberia-2-560x560.jpg 560w, https:\/\/kedal.cl\/wp-content\/uploads\/2024\/02\/Inpeccionar-Tuberia-2-80x80.jpg 80w, https:\/\/kedal.cl\/wp-content\/uploads\/2024\/02\/Inpeccionar-Tuberia-2.jpg 1006w\" sizes=\"(max-width: 300px) 100vw, 300px\" \/><\/a>\n\t\t\t<\/div><\/figure><figure class='gallery-item'>\n\t\t\t<div class='gallery-icon landscape'>\n\t\t\t\t<a data-elementor-open-lightbox=\"yes\" data-elementor-lightbox-slideshow=\"054adc8\" data-elementor-lightbox-title=\"Destapar tuberias 1\" data-e-action-hash=\"#elementor-action%3Aaction%3Dlightbox%26settings%3DeyJpZCI6OTI3NSwidXJsIjoiaHR0cHM6XC9cL2tlZGFsLmNsXC93cC1jb250ZW50XC91cGxvYWRzXC8yMDI0XC8wMlwvRGVzdGFwYXItdHViZXJpYXMtMS5qcGciLCJzbGlkZXNob3ciOiIwNTRhZGM4In0%3D\" href='https:\/\/kedal.cl\/wp-content\/uploads\/2024\/02\/Destapar-tuberias-1.jpg'><img loading=\"lazy\" decoding=\"async\" width=\"300\" height=\"300\" src=\"https:\/\/kedal.cl\/wp-content\/uploads\/2024\/02\/Destapar-tuberias-1-300x300.jpg\" class=\"attachment-medium size-medium\" alt=\"\" srcset=\"https:\/\/kedal.cl\/wp-content\/uploads\/2024\/02\/Destapar-tuberias-1-300x300.jpg 300w, https:\/\/kedal.cl\/wp-content\/uploads\/2024\/02\/Destapar-tuberias-1-150x150.jpg 150w, https:\/\/kedal.cl\/wp-content\/uploads\/2024\/02\/Destapar-tuberias-1-768x768.jpg 768w, https:\/\/kedal.cl\/wp-content\/uploads\/2024\/02\/Destapar-tuberias-1-450x450.jpg 450w, https:\/\/kedal.cl\/wp-content\/uploads\/2024\/02\/Destapar-tuberias-1-106x106.jpg 106w, https:\/\/kedal.cl\/wp-content\/uploads\/2024\/02\/Destapar-tuberias-1-560x560.jpg 560w, https:\/\/kedal.cl\/wp-content\/uploads\/2024\/02\/Destapar-tuberias-1-80x80.jpg 80w, https:\/\/kedal.cl\/wp-content\/uploads\/2024\/02\/Destapar-tuberias-1.jpg 1006w\" sizes=\"(max-width: 300px) 100vw, 300px\" \/><\/a>\n\t\t\t<\/div><\/figure><figure class='gallery-item'>\n\t\t\t<div class='gallery-icon landscape'>\n\t\t\t\t<a data-elementor-open-lightbox=\"yes\" data-elementor-lightbox-slideshow=\"054adc8\" data-elementor-lightbox-title=\"Destapar tuberias\" data-e-action-hash=\"#elementor-action%3Aaction%3Dlightbox%26settings%3DeyJpZCI6OTI4MCwidXJsIjoiaHR0cHM6XC9cL2tlZGFsLmNsXC93cC1jb250ZW50XC91cGxvYWRzXC8yMDI0XC8wMlwvRGVzdGFwYXItdHViZXJpYXMuanBnIiwic2xpZGVzaG93IjoiMDU0YWRjOCJ9\" href='https:\/\/kedal.cl\/wp-content\/uploads\/2024\/02\/Destapar-tuberias.jpg'><img loading=\"lazy\" decoding=\"async\" width=\"300\" height=\"300\" src=\"https:\/\/kedal.cl\/wp-content\/uploads\/2024\/02\/Destapar-tuberias-300x300.jpg\" class=\"attachment-medium size-medium\" alt=\"\" srcset=\"https:\/\/kedal.cl\/wp-content\/uploads\/2024\/02\/Destapar-tuberias-300x300.jpg 300w, https:\/\/kedal.cl\/wp-content\/uploads\/2024\/02\/Destapar-tuberias-150x150.jpg 150w, https:\/\/kedal.cl\/wp-content\/uploads\/2024\/02\/Destapar-tuberias-768x768.jpg 768w, https:\/\/kedal.cl\/wp-content\/uploads\/2024\/02\/Destapar-tuberias-450x450.jpg 450w, https:\/\/kedal.cl\/wp-content\/uploads\/2024\/02\/Destapar-tuberias-106x106.jpg 106w, https:\/\/kedal.cl\/wp-content\/uploads\/2024\/02\/Destapar-tuberias-560x560.jpg 560w, https:\/\/kedal.cl\/wp-content\/uploads\/2024\/02\/Destapar-tuberias-80x80.jpg 80w, https:\/\/kedal.cl\/wp-content\/uploads\/2024\/02\/Destapar-tuberias.jpg 1006w\" sizes=\"(max-width: 300px) 100vw, 300px\" \/><\/a>\n\t\t\t<\/div><\/figure>\n\t\t<\/div>\n\t\t<\/div>\n\t\t\t\t\t\t<\/div>\n\t\t\t\t<\/div>\n\t\t\t\t\t<\/div>\n\t\t\t\t<\/div>\n\t\t\t\t\t<\/div>\n\t\t\t\t<\/div>\n\t\t\t\t<\/div>\n\t\t","protected":false},"excerpt":{"rendered":"<p>Nuestra historia \u00a0 \u00a0Esta idea tuvo su g\u00e9nesis en 2018 como parte de mi proyecto de t\u00edtulo para el MBA de la Universidad de Chile, fusionando la experiencia profesional en el \u00e1mbito del agua de proceso y las problem\u00e1ticas inherentes a los procesos productivos. A lo largo del tiempo, esta idea ha evolucionado y ha [&hellip;]<\/p>\n","protected":false},"author":1,"featured_media":0,"parent":0,"menu_order":0,"comment_status":"closed","ping_status":"closed","template":"page-templates\/template-default.php","meta":{"footnotes":""},"_links":{"self":[{"href":"https:\/\/kedal.cl\/index.php?rest_route=\/wp\/v2\/pages\/1019"}],"collection":[{"href":"https:\/\/kedal.cl\/index.php?rest_route=\/wp\/v2\/pages"}],"about":[{"href":"https:\/\/kedal.cl\/index.php?rest_route=\/wp\/v2\/types\/page"}],"author":[{"embeddable":true,"href":"https:\/\/kedal.cl\/index.php?rest_route=\/wp\/v2\/users\/1"}],"replies":[{"embeddable":true,"href":"https:\/\/kedal.cl\/index.php?rest_route=%2Fwp%2Fv2%2Fcomments&post=1019"}],"version-history":[{"count":23,"href":"https:\/\/kedal.cl\/index.php?rest_route=\/wp\/v2\/pages\/1019\/revisions"}],"predecessor-version":[{"id":9436,"href":"https:\/\/kedal.cl\/index.php?rest_route=\/wp\/v2\/pages\/1019\/revisions\/9436"}],"wp:attachment":[{"href":"https:\/\/kedal.cl\/index.php?rest_route=%2Fwp%2Fv2%2Fmedia&parent=1019"}],"curies":[{"name":"wp","href":"https:\/\/api.w.org\/{rel}","templated":true}]}}